+ 4*k - 5. Let d be (-1)/(2/(-4)) + -8. Let v be j(d). Calculate the highest common factor of 28 and v.
7
Suppose 12 = 2*i - 3*y - 0, -3*i - 5*y + 37 = 0. Suppose m + 7 = 3*u, -4*u = -5*m + u + 15. Let a = m + 1. What is the highest common divisor of a and i?
9
Let p(n) = -3*n + 3. Let w be p(-5). What is the highest common divisor of w and 72?
18
Suppose -56 = -3*s + 4*s + 4*b, -4*s + 5*b = 119. Let o be (4/6)/((-2)/s). Let p = o - 3. Calculate the greatest common divisor of 3 and p.
3
Let n = -14 - -16. Suppose -3*x - 4 = -n*u + 48, 44 = 2*u - 5*x. What is the greatest common factor of 80 and u?
16
Let i be ((-12)/5)/((-2)/15). Let d be i + 3 - (-1 + -1). Let g = d - 14. Calculate the greatest common factor of 3 and g.
3
Let g = 6 - -7. Suppose -3*i = 1 - g. Suppose -i*a - 14 + 38 = 0. Calculate the highest common factor of 4 and a.
2
Let x(q) = 4*q**3 - 6*q**3 - 10 - 10*q + q**3 - 9*q**2 + 2*q**2. Let g be x(-7). What is the greatest common factor of 20 and g?
20
Let l(g) = -11*g**3 - 2*g**2 + 2. Let p be l(2). Let x be p/(-8) - (-3)/12. Let v be (9/5)/(9/30). What is the greatest common factor of x and v?
6
Suppose 0 = 4*p - 5*p + 28. Calculate the greatest common factor of p and 4.
4
Suppose 4*d - 427 = -i - 0*i, -4*i = 20. Calculate the greatest common factor of d and 12.
12
Let m(j) = -j**3 - 12*j**2 + 9. Let b be m(-12). Let g(o) = o**2 + 2*o - 7. Let r be g(-6). Let x = -8 + r. What is the greatest common divisor of b and x?
9
Suppose 3*l - 31 - 50 = 0. Let t be l/(-4)*-2*2. Suppose -t = -4*n - 0*n - 5*x, 4 = -4*x. Calculate the greatest common divisor of n and 64.
8
Suppose 3*l - 25 = 35. Let x be 6/1 - (1 + 0). Calculate the greatest common factor of x and l.
5
Let v(s) = -s**2 - s - 5. Let f be v(-5). Let k be (-5)/f - (-159)/5. Suppose -40 = -2*y + 4*n - 2*n, 4*n = -y. Calculate the highest common factor of k and y.
16
Suppose 0 = -4*m - m + 50. Let t be ((-30)/2)/(4/(-8)*1). Calculate the highest common divisor of m and t.
10
Let h(m) = -116*m + 1. Let o be h(-1). Suppose -19 + 84 = 5*i. What is the highest common factor of i and o?
13
Suppose 2*h + 0*c - 2*c - 4 = 0, c + 14 = 4*h. Let g be (-5)/1*h/(-5). Calculate the highest common factor of g and 4.
4
Let a be -4 + 23 - (-6)/2. Let b(z) = 33*z**2. Let s be b(1). What is the greatest common factor of s and a?
11
Suppose 1 = -5*b + 16. Let i be 1/(-2*b/(-18)). Calculate the greatest common factor of 21 and i.
3
Let k be 54/7 - (-10)/35. Let g be k - (-2)/(-1 + -1). What is the greatest common factor of 7 and g?
7
Suppose 3*v - 5*n = 11, -4*v - v - 2*n = -8. Suppose -v*l = -101 - 29. What is the greatest common divisor of 13 and l?
13
Let q be 1*(1*-2 + 5). Suppose 2*r + 2*r + 44 = q*y, -5*y + 2*r = -50. What is the greatest common factor of 8 and y?
8
Let l = 11 - 8. Suppose l*t - 144 = -t. Let z be 9 - (0 + 0)*1. What is the highest common factor of t and z?
9
Suppose x + 8 = 14. What is the highest common divisor of x and 12?
6
Suppose 0 = 5*v - 25 - 60. Calculate the greatest common factor of 34 and v.
17
Let j(m) = m**3 - 13*m**2 + 5. Let p be j(13). What is the greatest common divisor of 25 and p?
5
Let c(r) = 2*r**3 + 3*r**2 + r + 3. Let u be c(3). Suppose 4*d = l + 233, 0*d = 4*d - 3*l - 235. What is the greatest common factor of u and d?
29
Suppose 5*r + 4*a = -15, -2*r = 3*r - 3*a - 20. Let v be -2*r - 12/(-4). What is the highest common factor of v and 7?
1
Let a(s) = 4*s - 9. Let y be a(4). Calculate the greatest common divisor of 35 and y.
7
Let r = -95 + 155. What is the greatest common divisor of r and 24?
12
Suppose 4*v - 129 = -45. What is the highest common divisor of 231 and v?
21
Let n(m) = -2*m - 3. Let l be n(-6). Suppose 12 = -4*j + 5*j. Let g be (j/l)/4*3. Calculate the greatest common factor of 4 and g.
1
Suppose 0*q - q = -30. What is the highest common divisor of q and 6?
6
Suppose 5*s - 247 = -62. Calculate the highest common divisor of s and 148.
37
Let c = 17 + 4. Calculate the greatest common factor of c and 3.
3
Suppose -2*u - 5*w = 2*u - 5, -5*u - 3*w + 16 = 0. Calculate the highest common factor of u and 45.
5
Suppose 5*u = -7*u + 540. Calculate the highest common factor of 15 and u.
15
Let a = -1 + 4. Suppose -2*o = m - 2 - 2, 3*m - 4 = -2*o. Suppose -a*q - 5*s + 160 = m, -4*q - 5*s + 216 = -s. What is the greatest common factor of 11 and q?
11
Let f(b) = 14*b - 1 - 1 - b + 0. Let t be f(8). Let i be t/8 + (-2)/(-8). What is the highest common divisor of i and 13?
13
Let z be (-30)/(-165) + 1648/11. Calculate the highest common divisor of z and 30.
30
Let l be 2/8 - (-22)/8. Let u be 9 + (-1 - 0) + l. Let c(x) = x**3 - 10*x**2 - 9*x - 6. Let y be c(u). Calculate the greatest common factor of 48 and y.
16
Let c(m) = m**2 - 7. Let f be c(3). Suppose 0 = -3*d + r + 42 + 2, 3*r = f*d - 41. What is the highest common divisor of 65 and d?
13
Let c = 6 - 1. Suppose c*y - 91 = -26. What is the greatest common factor of 117 and y?
13
Let p be 1/(-5) + (-1376)/(-80). Calculate the greatest common divisor of p and 68.
17
Suppose 2*i + 630 = 2*d - i, 0 = d - 5*i - 315. Calculate the highest common divisor of d and 126.
63
Suppose -4*n + 10 = -4*f + 34, 3*f - 2*n - 14 = 0. What is the greatest common divisor of 62 and f?
2
Suppose 0 = 3*z + 4*v - 92, 34 = z + 2*v - 4*v. What is the highest common factor of 48 and z?
16
Let w be 12*5*3/6. Suppose 4*y = n - 37, 2*n + 5 = 5*y + 85. Calculate the highest common factor of w and n.
15
Let s(d) = 12*d**3 - 3*d**2 + 1. Suppose -2*n - 3*n + 10 = 0. Let y be s(n). Suppose -2*j + 102 = j. Calculate the greatest common factor of y and j.
17
Let r(u) = -2*u - 5. Let h be 6*2/9*-3. Let m be r(h). Suppose 7*p - 2*p = 2*v, 3*p + 9 = m*v. Calculate the highest common divisor of 1 and p.
1
Let l(c) = c**2 + c - 3. Let s be l(5). Calculate the greatest common divisor of s and 9.
9
Suppose 3*b - 6*b = 36. Let f be 62/6 + (-8)/b. What is the highest common divisor of 33 and f?
11
Let b(n) = 3*n - 37. Let p be b(21). Let c = 126 - 22. Calculate the greatest common factor of p and c.
26
Suppose 4*k = 5*y - 4*y + 62, 2*y + 135 = -3*k. Let c = y - -98. Suppose -t = t - c. Calculate the greatest common divisor of t and 24.
8
Let z be 44/10 - (110/25 + -4). Calculate the highest common factor of z and 12.
4
Suppose 23 = 7*k - 502. What is the greatest common divisor of 15 and k?
15
Let h(f) = f**3 - 7*f**2 + 6*f + 4. Let s be h(6). Let r be (45/6)/(2/s). Let g = 8 - -2. Calculate the greatest common divisor of g and r.
5
Let k(c) = -c**3 + 6*c**2 - 3*c - 1. Let b be k(5). Let z(y) = 2*y**3 + 21*y**2 - 15*y - 8. Let f be z(-11). What is the greatest common factor of f and b?
9
Let y = 74 - 49. Suppose -3*p + 5*u + 535 = 0, -p + 5*p - 4*u - 708 = 0. Calculate the highest common factor of y and p.
25
Let l be (-3)/5*(-5 - 0). Suppose 0 = -0*v + l*v - 351. Calculate the highest common divisor of 13 and v.
13
Suppose 1 - 11 = -m. Calculate the highest common divisor of m and 70.
10
Let p(x) = -6*x**2 - x + 7*x**2 + 3*x. Let c be p(-6). What is the greatest common factor of c and 168?
24
Let r(a) = -2*a + 39. Let y be r(0). What is the greatest common factor of y and 13?
13
Let r = 106 + -97. Calculate the highest common factor of 63 and r.
9
Let b be 1 - 1/(2/(-8)). Calculate the highest common divisor of b and 20.
5
Let d(y) = y**3 - 6*y**2 + 4*y - 9. Let m be d(6). Calculate the highest common factor of m and 135.
15
Let p(m) = m**2 + 2*m. Let c be p(-4). Let t = 1 + c. Let y(z) = -z**2 - 7*z - 5. Let v be y(-6). Calculate the highest common factor of t and v.
1
Let h(v) = -v**3 - 3*v**2 - 5. Let i be h(-4). Let p = 126 - i. What is the greatest common factor of p and 23?
23
Let r be ((-4)/10)/((-5)/(-25)). Let u be 4/r*9/(-6). Calculate the greatest common factor of u and 15.
3
Let a = 10 - 4. Suppose 3*v + 8 = -10. Let f be 2/a + (-304)/v. What is the highest common divisor of 34 and f?
17
Let l = 26 + 30. Suppose 3*w + 4*p - 19 = -6, 3*p = 2*w - 20. What is the greatest common divisor of w and l?
7
Suppose 2*b + b - 360 = 0. Calculate the greatest common divisor of 48 and b.
24
Suppose -210 = 4*v - 7*v. What is the highest common divisor of 14 and v?
14
Let s(w) = w**2 + 6*w - 1. Let z be s(5). What is the highest common factor o